
Is 260317 a composite number?
False
Is 278221 prime?
False
Is 33211 prime?
True
Is 309121 composite?
False
Is 24589 a prime number?
False
Is 30367 a composite number?
False
Is 4327 composite?
False
Is 161123 a prime number?
True
Is 10901 prime?
False
Is 424139 prime?
True
Is 11471 prime?
True
Is 661543 composite?
True
Is 31594 prime?
False
Is 23719 a prime number?
True
Is 293207 composite?
False
Is 27721 a composite number?
True
Is 469847 composite?
True
Is 24259 a composite number?
True
Is 8269 a prime number?
True
Is 101999 composite?
False
Is 26995 composite?
True
Is 104411 composite?
True
Is 58637 a composite number?
True
Is 14303 a composite number?
False
Is 170606 a composite number?
True
Is 585217 a prime number?
True
Is 466 composite?
True
Is 687 prime?
False
Is 5036309 prime?
True
Is 90731 a composite number?
False
Is 336599 composite?
False
Is 6197 prime?
True
Is 75553 a composite number?
False
Is 409 composite?
False
Is 679 prime?
False
Is 170327 a prime number?
True
Is 86677 a prime number?
True
Is 141827 composite?
True
Is 44053 prime?
True
Is 1823 composite?
False
Is 1527017 composite?
False
Is 40877 composite?
True
Is 937991 composite?
False
Is 37733 composite?
True
Is 34459 a prime number?
False
Is 9523 a composite number?
True
Is 4109 prime?
False
Is 1973 composite?
False
Is 6491 composite?
False
Is 22514 composite?
True
Is 68359 a composite number?
True
Is 2609 prime?
True
Is 19777 a prime number?
True
Is 1987 a composite number?
False
Is 122741 prime?
True
Is 126298 a prime number?
False
Is 12149 a prime number?
True
Is 26987 prime?
True
Is 63521 a composite number?
False
Is 5513 a composite number?
True
Is 272911 a prime number?
True
Is 538 prime?
False
Is 168067 prime?
True
Is 673 a prime number?
True
Is 221471 composite?
False
Is 4421 composite?
False
Is 146177 composite?
True
Is 1597705 a composite number?
True
Is 1959 prime?
False
Is 709 a composite number?
False
Is 271961 composite?
True
Is 2459 composite?
False
Is 2414717 prime?
True
Is 46993 composite?
False
Is 2630299 a prime number?
False
Is 1673489 a prime number?
True
Is 10871 a composite number?
True
Is 33721 composite?
False
Is 4777 composite?
True
Is 139235 prime?
False
Is 2328397 a prime number?
True
Is 33443 prime?
False
Is 94321 a prime number?
True
Is 11722 composite?
True
Is 59134 a composite number?
True
Is 4703 a prime number?
True
Is 146639 prime?
True
Is 26453 composite?
True
Is 125833 prime?
False
Is 2741 prime?
True
Is 14321 composite?
False
Is 3353 prime?
False
Is 65737 prime?
False
Is 530435 a composite number?
True
Is 12757 composite?
False
Is 278309 prime?
False
Is 28169 composite?
True
Is 5731 a composite number?
True
Is 12842 composite?
True
Is 202789 composite?
True
Is 147703 a prime number?
True
Is 310561 prime?
False
Is 143947 a composite number?
False
Is 109031 composite?
True
Is 409901 composite?
False
Is 1157 prime?
False
Is 50579 a composite number?
True
Is 37103 a composite number?
True
Is 428453 a composite number?
True
Is 43447 a composite number?
True
Is 158011 a composite number?
True
Is 2941 composite?
True
Is 38899 a prime number?
False
Is 11777 composite?
False
Is 49893 a composite number?
True
Is 91993 prime?
False
Is 28895 a composite number?
True
Is 299267 a composite number?
True
Is 20613 a prime number?
False
Is 2209 a prime number?
False
Is 81749 a composite number?
False
Is 687223 prime?
True
Is 327647 a prime number?
True
Is 2879 composite?
False
Is 89447 a prime number?
False
Is 879 a prime number?
False
Is 20837 a composite number?
True
Is 2927 a composite number?
False
Is 14635 a composite number?
True
Is 2235031 a prime number?
True
Is 1275137 a prime number?
False
Is 3593 a composite number?
False
Is 16673 a composite number?
False
Is 4989 prime?
False
Is 243769 a composite number?
False
Is 13045 a prime number?
False
Is 650365 composite?
True
Is 586 composite?
True
Is 10037 a prime number?
True
Is 4481 composite?
False
Is 549479 composite?
True
Is 3387061 composite?
False
Is 130461 composite?
True
Is 381 composite?
True
Is 3588763 composite?
False
Is 536639 composite?
True
Is 315311 a prime number?
False
Is 5039 composite?
False
Is 44315 a prime number?
False
Is 903751 prime?
True
Is 2831 a prime number?
False
Is 261509 a composite number?
False
Is 39659 composite?
False
Is 42131 composite?
False
Is 12677 a composite number?
True
Is 684751 a prime number?
True
Is 13829 a composite number?
False
Is 45143 a prime number?
False
Is 89809 a prime number?
True
Is 178355 prime?
False
Is 507289 prime?
True
Is 202885 prime?
False
Is 30863 a prime number?
False
Is 13859 a prime number?
True
Is 13643 a composite number?
True
Is 314281 a composite number?
True
Is 9283 a composite number?
False
Is 979779 a composite number?
True
Is 789883 a composite number?
False
Is 21473 a composite number?
True
Is 939707 prime?
True
Is 45889 a composite number?
True
Is 42491 composite?
False
Is 139199 prime?
True
Is 9442 a composite number?
True
Is 5513 a composite number?
True
Is 29251 a composite number?
False
Is 931159 composite?
True
Is 210967 a prime number?
True
Is 334171 a composite number?
False
Is 135959 composite?
True
Is 9623 prime?
True
Is 334009 a prime number?
False
Is 35393 prime?
True
Is 547835 a composite number?
True
Is 401026 a composite number?
True
Is 3953 a prime number?
False
Is 9671 composite?
True
Is 12127 composite?
True
Is 789 prime?
False
Is 3989 prime?
True
Is 106741 composite?
True
Is 591245 a prime number?
False
Is 2893 a composite number?
True
Is 575119 composite?
False
Is 46003 prime?
False
Is 428221 a prime number?
True
Is 2416742 prime?
False
Is 7697 prime?
False
Is 5645 prime?
False
Is 944651 a prime number?
True
Is 1089973 a composite number?
True
Is 9733 prime?
True
Is 66799 composite?
True
Is 2850355 a composite number?
True
Is 30211 composite?
False
Is 3385 a composite number?
True
Is 1311847 prime?
True
Is 49559 composite?
False
Is 206341 prime?
True
Is 36647 a prime number?
False
Is 163841 a composite number?
False
Is 126629 prime?
False
Is 28387 composite?
False
Is 707 a composite number?
True
Is 9527 composite?
True
Is 133174 a prime number?
False
Is 427151 a composite number?
False
Is 1499 a prime number?
True
Is 9753 a composite number?
True
Is 40609 prime?
True
Is 16663 composite?
True
Is 24317 a prime number?
True
Is 1899759 a prime number?
False
Is 1151 a prime number?
True
Is 17558 composite?
True
Is 3000317 composite?
False
Is 183221 a composite number?
True
Is 288617 composite?
True
Is 2203 prime?
True
Is 10793 a composite number?
True
Is 31967 a prime number?
False
Is 97 composite?
False
Is 69811 prime?
False
Is 140627 a composite number?
False
Is 6449 prime?
True
Is 91489 a prime number?
False
Is 8873 a composite number?
True
Is 55911 prime?
False
Is 980069 a prime number?
True
Is 541 composite?
False
Is 255946 composite?
True
Is 75479 a prime number?
True
Is 8861 prime?
True
Is 186389 a prime number?
False
Is 1163 prime?
True
Is 8051 composite?
True
Is 173891 a prime number?
True
Is 647369 prime?
False
Is 146177 a composite number?
True
Is 15101 composite?
False
Is 1292983 a composite number?
False
Is 23099 prime?
True
Is 1283 composite?
False
Is 159 a composite number?
True
Is 59009 a prime number?
True
Is 5519 a composite number?
False
Is 127157 a composite number?
False
Is 2963 a prime number?
True
Is 30259 composite?
False
Is 671599 prime?
False
Is 11854 a composite number?
True
Is 254573 a prime number?
False
Is 5791255 a prime number?
False
Is 265313 prime?
True
Is 1432945 a prime number?
False
Is 217 composite?
True
Is 23977 a composite number?
False
Is 322559 a prime number?
True
Is 2929 composite?
True
Is 337735 a prime number?
False
Is 34793 prime?
False
Is 48199 a prime number?
False
Is 24499 prime?
True
Is 16201 a composite number?
True
Is 1394057 a prime number?
False
Is 38273 prime?
True
Is 11159 prime?
True
Is 90141 composite?
True
Is 1223381 a prime number?
True
Is 809507 a prime number?
True
Is 30101 prime?
False
Is 5704235 a composite number?
True
Is 58013 prime?
True
Is 16639 prime?
False
Is 558995 a prime number?
False
Is 27827 composite?
False
Is 77729 a composite number?
True
Is 65867 composite?
False
Is 10533 a composite number?
True
Is 174037 prime?
False
Is